2*u**2 - 13*u - 7. Let n = -7 - -2. List the prime factors of s(n).
2
Suppose 2*t = l + 12, 0 = 3*t - 3*l - 23 - 1. Suppose -11 = -t*c - 2*b - 41, 5*c = -3*b - 39. List the prime factors of -1*(2 + c + -1).
5
Let o = 100 + -70. What are the prime factors of o?
2, 3, 5
Let u = -1 - -160. What are the prime factors of u?
3, 53
Suppose 673 = -8*b + 2321. List the prime factors of b.
2, 103
Let s be (-76)/(-8) - 3/2. List the prime factors of ((-6)/s)/((-7)/56).
2, 3
Suppose 4*p - 2*a = -4*a - 8, -4*a = -p + 16. Suppose p = -5*h + 6*h - 16. List the prime factors of h.
2
Suppose -165 = -4*n + 3*o + 270, 2*n - 237 = -5*o. List the prime factors of n.
3, 37
Let v = 17 + -10. What are the prime factors of v?
7
Suppose w - 30 = 34. List the prime factors of w.
2
Let w = -1 - -3. Suppose w*v = -0*v + 156. Suppose 5*p + 15 = 2*q, 5*q + 5*p = v - 23. What are the prime factors of q?
2, 5
Let r = -207 + 308. List the prime factors of r.
101
Suppose -5*q + 933 = -h + 4*h, -191 = -q - 5*h. List the prime factors of q.
2, 3, 31
Let r = -1 + 3. Suppose r*j = j. Suppose j = -3*a - 5*c + 50, 3*a - 63 = -4*c - 17. List the prime factors of a.
2, 5
Let u be (-3 + 0)*(-12)/18. Let q(n) = n**3 + 0*n**2 - n**2 + u + 3*n**2. What are the prime factors of q(-2)?
2
Suppose -2*q + 76 = -r, -r = 3*r. What are the prime factors of q?
2, 19
Let o be 5 + (-3 - 1/(-1)). Suppose -2*v = o*b - 4*v - 2, 5*v - 12 = -b. List the prime factors of b.
2
Suppose 3*i - 8 - 1 = 0. Suppose 0 = 3*c + 4 - 1. Let x = i + c. What are the prime factors of x?
2
Let z be (1/2)/(4/40). Suppose 7*f = 3*f + 20. Suppose -c - f*d = 4*c - 80, -4*d = -z*c + 35. What are the prime factors of c?
11
Suppose q = 1 + 3. Let h be 1/q + 28/16. Let z = 7 - h. List the prime factors of z.
5
Suppose -23 = -s + 3*u + 216, -s + 247 = -5*u. List the prime factors of s.
227
Let q(n) = -n**3 - n**2 + n + 8. Let w(t) = -t + 5. Let r be w(5). What are the prime factors of q(r)?
2
Let z = -8 - -11. Let a be (-7)/z - (-5)/15. What are the prime factors of a/(-5) + 116/10?
2, 3
Let y = -2 + 3. Suppose -5*l = 2*r + r + y, 0 = 5*r + 4*l - 7. What are the prime factors of (1 - r - -6) + -1?
3
Let z(d) = -3*d**3 - 2*d**2 + 4*d - 3. Let q be z(2). Let y be (-75)/q - 6/(-27). Suppose -y*s + 24 = -s. List the prime factors of s.
2, 3
Let m(y) be the first derivative of 5*y**2 + 6*y + 4*y**3 - 2 + 1/4*y**4. List the prime factors of m(-11).
17
Let h(p) = 3*p**3 - 2*p**2 - p - 2. Let g = -4 - -8. Suppose o - g*o + 6 = 0. List the prime factors of h(o).
2, 3
Suppose 4*f + 29 = t, 4*t + 0*f = 4*f + 68. What are the prime factors of t?
13
Suppose 9 = -4*r + 2*b + 343, r + 3*b = 101. List the prime factors of r.
2, 43
Let y = 0 - 4. Let a be (10/(-3))/(y/6). Suppose 0 = 4*g - a*g + 4. List the prime factors of g.
2
Suppose 113 + 358 = 3*t. What are the prime factors of t?
157
Let j = -9 + 14. Suppose 0 = n - j - 30. What are the prime factors of n?
5, 7
Suppose -3*z + 96 = -6*z. Let s = 60 + z. What are the prime factors of s?
2, 7
Let u = -6 - -5. List the prime factors of 3*(16/6 + u).
5
Let m = -3 + 20. Suppose -m + 5 = -c. List the prime factors of c.
2, 3
Suppose 0 = -4*g - 4*x + 176, -4*x = 4*g - 5*x - 176. Let s be -24 + (-1)/(-1) + 0. Let i = g + s. What are the prime factors of i?
3, 7
Let o(j) = j - 4. Let k be o(4). Let v(z) = -z**2 + 9*z + 5. Let h be v(9). Suppose k = -5*y + 20, -3*y = -c - h*y + 13. What are the prime factors of c?
5
Let h be (18/12)/(2/(-24)). Let a = 47 + h. What are the prime factors of a?
29
Let u(y) = -y + 66. What are the prime factors of u(0)?
2, 3, 11
Let h(z) = -z + 2. Let r be h(0). Let l(x) = x**3 - 2*x**2 - 2*x + 7. Let a be l(3). Suppose 5*v = -a, -9 = r*y - v - 33. What are the prime factors of y?
11
Suppose 0*a = a + 5*c - 71, -a + 51 = -5*c. What are the prime factors of a?
61
Let g(z) = 10*z**2 + 2*z. What are the prime factors of g(-3)?
2, 3, 7
Let y = -20 - -28. What are the prime factors of ((-22)/y)/(2/(-16))?
2, 11
Suppose -2*p + 95 = 3*p + 3*t, -20 = -4*t. Suppose 19 - 9 = 2*s. Suppose 0 = -4*j + s*j - p. List the prime factors of j.
2
Let l(k) = -22*k - 2. What are the prime factors of l(-6)?
2, 5, 13
Suppose 0 = -5*b + 235 + 625. List the prime factors of b.
2, 43
What are the prime factors of ((-16)/(-5))/(2 + 684/(-345))?
2, 23
What are the prime factors of 40/(-4)*(-2 + -2)?
2, 5
Let k(z) = -z**3 - 6*z**2 - 2*z - 5. What are the prime factors of k(-6)?
7
Suppose -4*f + 0 + 17 = -5*o, o - 19 = -2*f. Suppose -i - 5*z = -23, -4*z + 6*z = f. Suppose -6*t + i*t + 42 = 0. List the prime factors of t.
2, 7
Let a be ((-6)/15)/(1/(-10)). Suppose -2*r + o = 2*r - 74, 5*o = -a*r + 62. List the prime factors of r.
2, 3
Suppose -3*m = 2*t - 22, -4*t = -8*t + 5*m. Suppose 0 = -t*c + 2*v + v + 100, 0 = v - 5. What are the prime factors of c?
23
Let h(g) = -g**2 - 8*g + 13. Let f be h(-9). Suppose -f*q + 72 = -q. What are the prime factors of q?
2, 3
What are the prime factors of (-4)/6*(-169 + -1 + -1)?
2, 3, 19
Let m = 25 - -30. What are the prime factors of m?
5, 11
Let l be (-4)/2*2 - -2. Let j = 10 - l. What are the prime factors of j?
2, 3
Let r be (-11)/(-4) - (-1)/4. Suppose -10 - 17 = -r*j. What are the prime factors of j?
3
Let t be (2 - 4) + (-180)/(-3). What are the prime factors of t/6 + (-3)/(-9)?
2, 5
What are the prime factors of (-2805)/(-102)*((-8)/(-1))/2?
2, 5, 11
Suppose 0 = 2*r - 6, 4*r + 0*r = -4*y + 160. List the prime factors of y.
37
Suppose 2*u = -3*r - 21, 4*u + 3*r = -38 + 5. Let x = u + 8. Suppose 3*h = -4*f + 12, 3*f + 4*h + h + x = 0. List the prime factors of f.
2, 3
Suppose -2*x = -0*x. Suppose 0*t - 2*t + 6 = x. Suppose t*h + 23 = 3*s + 8, -5*s - h = -7. List the prime factors of s.
2
Let t(n) = n**3 + 7*n**2 + 3*n - 1. Let o be t(-6). Suppose -25 = 5*b, -5*v + 3*b + 18 = -o. Suppose -v*u + 39 = -u. List the prime factors of u.
13
Suppose -m + 6 - 2 = 0. Suppose -r - 5*l = -m*r + 276, 2*r - 5*l - 184 = 0. List the prime factors of (-4)/(-10) - r/(-20).
5
Let g(k) = k**2 - 3*k - 5. What are the prime factors of g(-4)?
23
Suppose 0 = 3*o + d - 2, -4*o + 2*d + 1 = -5. Let z be (-5 + 4)/(o/(-1)). List the prime factors of (2 - 1)/(z/7).
7
Let v(k) = -k + 1. Let g(x) = 3*x - 5. Let y(i) = -g(i) - 2*v(i). List the prime factors of y(-10).
13
Let b(s) = -s. Suppose -5*i = -2*h + 10 + 5, 4*i + 12 = 5*h. Let v be b(i). Suppose v*l - l = 10. What are the prime factors of l?
5
Suppose o - 48 = -4*s + 40, s - 22 = 4*o. What are the prime factors of s?
2, 11
Let r(k) = -k**3 - 6*k**2 - 4. Let s be r(-6). Let h be 2/(-8) - (-23)/(-4). What are the prime factors of s/h + 65/15?
5
Let s(w) = 5*w - 34. What are the prime factors of s(15)?
41
Let s = -5 + 3. Suppose 2*g + 0*g - 8 = 0. List the prime factors of (-28)/(-8) - s/g.
2
Suppose -4*z + 75 + 21 = 0. List the prime factors of z.
2, 3
What are the prime factors of (170/(-42) - (-50)/(-175))*-87?
13, 29
Suppose -47 = t - 6*g + 5*g, 0 = t + 4*g + 42. Let u = t + 88. List the prime factors of u.
2, 3, 7
Let o(t) = -3*t. Let b be o(-3). Let n(a) = a + 4*a - b - 3*a. List the prime factors of n(7).
5
Let i(a) = 4*a**2. Let d be i(1). Suppose 4*c = d, 2*u + c - 3 = 2*c. List the prime factors of u.
2
Let a(b) = 192*b**2. List the prime factors of a(1).
2, 3
Let o be -1 - 0 - -1*2. Let l(n) = 10*n + 1. Let a be l(o). Suppose 0*m + a = m. List the prime factors of m.
11
Let o = 2 - -1. Suppose 19 = -h + 5*c, 2*h - o*h + 2*c = 10. List the prime factors of (h + 24)*1/2.
2, 5
Let h(y) = -12 - 2*y**2 + 4*y**2 + 21*y - 11*y. List the prime factors of h(-8).
2, 3
List the prime factors of 2/3*(-1287)/(-6).
11, 13
List the prime factors of -5 + 30 - 4/(-1).
29
Let f be 10*-10*(-2)/8. Suppose -w + 33 = 3*v, w + v - 2*v - f = 0. Suppose -2*g + w = g. List the prime factors of g.
3
Let n(c) = c**3 + 8*c**2 + c + 1. Let v be n(-8). Let j(d) = d**3 + 8*d**2 + 7*d + 5. List the prime factors of j(v).
5
Let z(i) = 2*i + 3. Let g be z(11). Let o = -17 + g. What are the prime factors of o?
2
Let v be (2/3)/((-4)/(-6)). Let q(w) = 1 - 4*w**2 + 2*w**2 - 2*w + 2*w**3 + 12*w**3 + 3*w**2. What are the prime factors of q(v)?
2, 7
Suppose 2*g = 2*i + i + 3, 0 = 3*g - i - 8. Suppose -4*c - k + 13 = 0, 4*k = -g*c + k + 3. Let m = c + -2. List th